Let a(v) = -6*v + 3. Let r(h) = 20*a(h) - 6*p(h). Determine r(x).
24
Let l(s) be the first derivative of 17*s**3/3 - 2*s**2 + 2*s + 6396. Give l(1).
15
Suppose -16*l + 5875 = -6685. Suppose -l + 771 = 2*h. Let m(o) = -o**2 - 4*o - 2. Calculate m(h).
-23
Suppose 1 - 145 = 4*k. Let w be 34/(-9) - (-8)/k. Let z(g) be the third derivative of -g**6/120 - g**5/15 + g**4/8 + 2*g**3/3 - 10444*g**2. Determine z(w).
-8
Let t(o) = 2*o**2 + 13*o + 26. Let i(v) = -v**2 - 6*v - 12. Let j(m) = -5*i(m) - 2*t(m). Suppose 3*s + 14 = -4. What is j(s)?
20
Let k(v) be the second derivative of -v**5/20 - 7*v**4/12 + v**3/2 + 19*v**2 - 2972*v. What is k(-7)?
17
Let j(d) be the first derivative of d**3/2 + 15*d**2/2 + 85*d + 21. Let b(k) be the first derivative of j(k). Calculate b(-6).
-3
Let j(s) = 7 + 2266*s**2 - 5*s - 4535*s**2 + 2270*s**2. Calculate j(6).
13
Let i(g) = g**3 + 7*g**2 + 6*g - 2. Let v(o) = -o**3 + 13*o**2 + 14*o - 6. Suppose -23 = 3*k - 35. Let h be k + (-3 + 13 - 0). Let j be v(h). Determine i(j).
-2
Suppose -3*n = -16*n - 5499. Let c = -426 - n. Let z(m) = 2*m**2 - 4*m - 4. Calculate z(c).
26
Let h be 17/(-544)*8 - 1/(-3). Let i(n) be the second derivative of -1/2*n**3 - 11*n + 2*n**2 - h*n**4 + 0. Give i(-5).
-6
Let d(p) = 3 + 0*p - 4*p + 7. Let a = -26080 - -26085. What is d(a)?
-10
Let q(w) = 2*w**2 + w - 1. Suppose -24 = -v + 2*y, -10*y = -3*v - 11*y + 93. Let d be (-2)/5*v/(-12). Determine q(d).
2
Suppose -p = 5*d + 23, 0*d = -3*p + d + 11. Let o(s) be the second derivative of -s + 0 - 3/2*s**2 + 1/3*s**3. Give o(p).
1
Let v(o) = -1955*o + 2 + 3915*o - 14 - 1953*o + o**3 - 7*o**2. What is v(6)?
-6
Let y(c) = -2*c - 30. Let m be y(-18). Let w(x) = 15 + 4*x - m - 2*x + 38. Let b be w(-20). Let k(q) = q**3 - 8*q**2 + 9*q - 8. Give k(b).
6
Let t be (2/6)/(2/(-10))*-3. Suppose 6*w = 5*d + 4*w - 15, 3*d = -t*w + 40. Let s(r) be the second derivative of -r**5/20 + 5*r**4/12 + r**2 + r. Give s(d).
2
Suppose 254*s = 3094 - 2359 + 2821. Let a(n) = -n**2 + 13*n + 2. What is a(s)?
-12
Let z(m) = 440 + 0*m - m + m**2 - 439. Suppose 0 = x + p, 0 = 5*x + 4*p - 0*p. Determine z(x).
1
Suppose 4*v - 2*v = 2. Let u(n) = n**2 - 1. Let d(c) = 9*c - 13. Let a(p) = v*u(p) - d(p). What is a(8)?
4
Suppose -3*o - 43 = -5*u, -19 = -4*o - 2*u - 85. Let c be (o + 16)*(-1)/2. Let s(i) = -i**2 + 16. Determine s(c).
16
Let d be (-2 - -12)*1/2. Let o(p) = 9*p + 1. Let x(b) = -2*b - 3. Let l(i) = o(i) + 4*x(i). What is l(d)?
-6
Let m be 0/((-7 - -47)/8). Suppose 8*n - 134 + 46 = m. Let p(f) = f**2 - 12*f + 16. Calculate p(n).
5
Let q(o) be the first derivative of -o**3/3 + 3*o**2 + 5*o + 833. Give q(5).
10
Suppose -7*x = -4 + 4. Let u be (-10)/15*(-3 + x). Let p(w) = 0*w + 71*w**2 - 33*w**2 - 37*w**u - 5 + 2*w. Calculate p(4).
19
Let r = 642 - 637. Let h(m) = -439*m + 438*m + r + 3. Determine h(14).
-6
Let r(c) = c**2 + 22*c + 117. Let t be r(-6). Let j(g) = 2*g. What is j(t)?
42
Let l(v) = -v - 1. Let g(f) = -2*f**2 - 46*f + 51. Let r be g(-24). Suppose -r*h = 2*t - h - 4, 4*t = 5*h + 26. Calculate l(t).
-5
Let a(m) = 29*m**2 - 240*m + 101. Let t(f) = -5*f**2 + 41*f - 18. Let q(d) = -6*a(d) - 34*t(d). Give q(12).
-18
Let l(u) be the first derivative of u**7/840 - u**6/360 + u**5/120 + u**4/6 - u**3 - 5*u**2 - 33. Let f(i) be the third derivative of l(i). Determine f(0).
4
Suppose 0 = 12*o - 40 + 16. Let k(t) = 35*t - 16*t - 128*t**2 + 249*t**2 - 4 - 124*t**o. Calculate k(6).
2
Let i(a) be the third derivative of -a**5/60 + a**4/3 - 3*a**3 + 300*a**2. What is i(4)?
-2
Let s(c) = c**3 - 11*c**2 - 6*c - 57. Let n be s(12). Suppose n*y + 147 = -63. Let d(x) = -x**3 - 13*x**2 + 14*x. Calculate d(y).
0
Let n(u) = -u**2 - u. Let b be n(-2). Let g be 1 - (0 + b)/((-6)/15). Let h(c) = c**3 + 4*c**2 - c. What is h(g)?
4
Let z(t) = 7*t + 95. Let r be z(-13). Suppose 0 = r*c + 76 - 60. Let i(o) = -3*o - 10. Give i(c).
2
Let k(q) = -2. Let i(a) = 3*a**2 - a - 7. Let z(u) = i(u) - 5*k(u). Give z(4).
47
Suppose 4 = m + 3*k - 0, 0 = 5*m - k + 12. Let a be (-1 + 8 + m)*36/(-45). Let b(q) = q**2 - 1. What is b(a)?
15
Let n(l) = -l**3 - 11*l**2 - 10*l + 5. Suppose 26 + 117 = -68*i - 537. Calculate n(i).
5
Let q(k) = -3*k - 3. Suppose 0 = 6*n + 17 - 41. Suppose 0 = -2*a + 4, -3*r - n*a - 26 = -2*r. Let x = 32 + r. What is q(x)?
3
Suppose -12*c = -9*c + 81. Let v be 21/2*(-18)/c. Let f(d) = -1 + d + 0 - 5. Give f(v).
1
Let a(v) = -2*v**3 - 13*v**2 + 10*v + 1. Let k be (-20*11/220)/(2 - 39/21). Give a(k).
-20
Let u(o) = -190*o + 1698. Let s be u(9). Let g(a) = a**3 + 10*a**2 - 22*a + 14. What is g(s)?
-10
Let r be 1/2*-2 + -89. Let q = -85 - r. Suppose 0 = -2*i - 2, -t - i + 3*i + q = 0. Let y(j) = -j**2 + 3*j + 3. What is y(t)?
3
Let t(h) be the first derivative of h**3 + 9*h**2/2 + 5*h - 3648. Give t(-3).
5
Let z(i) = -2*i**3 + 22*i**2 + 4. Let r be z(11). Suppose -15 = -3*g, -r = 2*j + 4*g - 22. Let l(u) = 4*u**2. Determine l(j).
4
Let y(v) = -v**3 - 5*v**2 + 14*v - 7. Let h be y(-7). Let g(i) = i**3 + 7*i**2 + i + 11. Let d be g(h). Let j(r) = d*r**2 - 1 - 6 - 1 + 7. What is j(1)?
3
Let w(l) = -7*l - 13. Suppose d = 5*f - 75 + 49, -2*f = d - 9. What is w(d)?
-6
Let r(l) = 19660*l**2 - 6556*l**2 - 31*l - 6555*l**2 - 53 - 6551*l**2. What is r(-13)?
12
Let v(s) = -s**3 - 5*s**2 + 1. Let o(m) = -6*m**3 - 37*m**2 - m - 8. Suppose 0 = -53*j - 21 + 286. Let t(q) = j*v(q) - o(q). What is t(-12)?
1
Let r(i) = -i**2 - 32*i + 5. Let d(y) = -8*y + 1. Let b(g) = -20*d(g) + 5*r(g). Determine b(-2).
-15
Let k(j) be the second derivative of j**4/12 + 2*j**3/3 - 7*j**2/2 - j. Suppose 50*y - 46*y + 16 = 0. Let v be k(y). Let p(x) = x**2 + 9*x + 7. Determine p(v).
-7
Suppose 13*u = 25*u + 24. Let q(s) = -2*s. Let c(r) = -23*r - 1. Let j(o) = u*c(o) + 22*q(o). Determine j(2).
6
Let f(j) = 6*j**3 - 4*j**3 + 3*j**2 + j**3 - 1. Let b = -1329 + 1327. Determine f(b).
-13
Let u be (-1)/(7 + (-15)/2). Let z(t) = -2 + t**3 + 0*t - t**u - t - 6*t + 3*t - 3*t**2. Determine z(5).
3
Let k = -253 + 251. Let m(p) be the second derivative of -p**5/20 - p**4/4 - p**3/2 - p**2 - 3*p - 5. Calculate m(k).
0
Let o(c) = -564*c**2 + 87*c - 32*c + 0*c**3 - 3*c**3 + 536*c**2 - 75 + 4*c**3. Give o(26).
3
Let d(h) be the third derivative of h**6/120 + h**5/60 - 7*h**4/24 - h**3/6 + 2*h**2 - 19*h. Suppose -5*j - 27 = 4*g, -4*j - 4*g = 51 - 27. Calculate d(j).
2
Let v(u) = -1 + 4*u**2 + 5331*u - 5332*u - 3*u**2 - 2*u**2. Give v(-4).
-13
Suppose 13*m - 128 = 29*m. Let n(f) = -3*f - 42. Give n(m).
-18
Let n(j) be the first derivative of j**4/2 + 2*j**3/3 + 3*j**2/2 - 2*j + 6942. What is n(-3)?
-47
Let o(v) be the second derivative of -v**5/5 - v**4/3 - 2*v**3/3 - 3*v**2/2 - 3*v. Let y = -9378 - -9376. Calculate o(y).
21
Let k(h) = -h**3 - h**2 - 18. Let m = 1482 + -1487. What is k(m)?
82
Let i = -20 - -23. Suppose 25 = i*k + 1. Let w(d) = 1 + d**2 + k*d - 3 + 0 + 4. Determine w(-7).
-5
Let p = 259 + -256. Let w(z) be the first derivative of 1/2*z**2 + 7*z + 10 - 1/3*z**p. Determine w(0).
7
Let g(l) = l**3 + 4*l**2 - 14*l - 7. Suppose 2*t = 10 - 18, -k = -3*t - 7. What is g(k)?
38
Let y(m) be the second derivative of m**6/720 + 7*m**5/120 - m**4/12 + m. Let w(l) be the third derivative of y(l). Suppose 400 = -46*r - 34*r. What is w(r)?
2
Suppose -2203*r + 2187*r - 64 = 0. Let q(c) = -2*c**2 + 3*c**2 + 5*c**2 + 3*c + 3*c + c**3. Determine q(r).
8
Let o(h) = -6*h**2 + 13*h**2 - 7 + 49 + 47*h**2 - 53*h - 2*h**3. Determine o(26).
16
Let s(a) = 15*a - 28. Let l be s(2). Let z(g) = 5*g**l - 5*g + 2*g**2 + 5 + 27*g**3 - 28*g**3. Determine z(6).
11
Suppose 0 = s + 3*s - 20. Let k(u) = -78*u + 3 - s + 80*u. Calculate k(2).
2
Let l(y) = -y + 5. Let d = -53 - -26. Let a = d - -37. Let m(k) = k**3 - 11*k**2 + 10*k + 5. Let n be m(a). Give l(n).
0
Let b(q) be the first derivative of q**3/3 - 5*q**2/2 - 9*q + 3749. What is b(7)?
5
Suppose -39 = -22*m + 5. Suppose 16 = 2*c + m*c, -4*d + c - 8 = 0. Let f(r) = 1 - 3*r**3 + 12*r**3 - r**3. Determine f(d).
-7
Let v(b) be the second derivative of -b**6/360 + b**5/60 - b**4/8 - 5*b**3/6 - 5*b**2 - 4*b + 3. Let x(y) be the second derivative of v(y). Calculate x(3).
-6
Let w(c) be the second derivative of -1/20*c**5 - 6*c - c**4 - 4/3*c**3 + 11 + 7/2*c**2. Give w(-11).
-26
Suppose 0 = 5*f + o + 29, 0 = 4*f -